{"id":149,"date":"2025-02-22T16:01:26","date_gmt":"2025-02-22T16:01:26","guid":{"rendered":"https:\/\/rpvhoogeveen.nl\/?page_id=149"},"modified":"2025-05-28T19:23:51","modified_gmt":"2025-05-28T19:23:51","slug":"coordinatoren","status":"publish","type":"page","link":"https:\/\/rpvhoogeveen.nl\/?page_id=149","title":{"rendered":"Co\u00f6rdinatoren"},"content":{"rendered":"\n<p>Susan Gons en Gea Lindenhols zijn de co\u00f6rdinatoren van de 80-jarigen. Tel: 06-20457934 resp. 06-53185250 of ; mail: secretaris@rpvhoogeveen.nl<\/p>\n\n\n\n<p>Dini Ebing is co\u00f6rdinator van het ziekenbezoek. Tel: 06-57288886; mail: dini.ebing@gmail.com<\/p>\n\n\n\n<p><\/p>\n","protected":false},"excerpt":{"rendered":"<p>Susan Gons en Gea Lindenhols zijn de co\u00f6rdinatoren van de 80-jarigen. Tel: 06-20457934 resp. 06-53185250 [&hellip;]<\/p>\n","protected":false},"author":1,"featured_media":0,"parent":0,"menu_order":0,"comment_status":"closed","ping_status":"closed","template":"","meta":{"footnotes":""},"class_list":["post-149","page","type-page","status-publish","hentry"],"yoast_head":"<!-- This site is optimized with the Yoast SEO plugin v25.2 - https:\/\/yoast.com\/wordpress\/plugins\/seo\/ -->\n<title>Co\u00f6rdinatoren - Reumapati\u00ebntenvereniging Hoogeveen<\/title>\n<meta name=\"robots\" content=\"index, follow, max-snippet:-1, max-image-preview:large, max-video-preview:-1\" \/>\n<link rel=\"canonical\" href=\"https:\/\/rpvhoogeveen.nl\/?page_id=149\" \/>\n<meta property=\"og:locale\" content=\"en_US\" \/>\n<meta property=\"og:type\" content=\"article\" \/>\n<meta property=\"og:title\" content=\"Co\u00f6rdinatoren - Reumapati\u00ebntenvereniging Hoogeveen\" \/>\n<meta property=\"og:description\" content=\"Susan Gons en Gea Lindenhols zijn de co\u00f6rdinatoren van de 80-jarigen. Tel: 06-20457934 resp. 06-53185250 [&hellip;]\" \/>\n<meta property=\"og:url\" content=\"https:\/\/rpvhoogeveen.nl\/?page_id=149\" \/>\n<meta property=\"og:site_name\" content=\"Reumapati\u00ebntenvereniging Hoogeveen\" \/>\n<meta property=\"article:modified_time\" content=\"2025-05-28T19:23:51+00:00\" \/>\n<meta name=\"twitter:card\" content=\"summary_large_image\" \/>\n<meta name=\"twitter:label1\" content=\"Est. reading time\" \/>\n\t<meta name=\"twitter:data1\" content=\"1 minute\" \/>\n<script type=\"application\/ld+json\" class=\"yoast-schema-graph\">{\"@context\":\"https:\/\/schema.org\",\"@graph\":[{\"@type\":\"WebPage\",\"@id\":\"https:\/\/rpvhoogeveen.nl\/?page_id=149\",\"url\":\"https:\/\/rpvhoogeveen.nl\/?page_id=149\",\"name\":\"Co\u00f6rdinatoren - Reumapati\u00ebntenvereniging Hoogeveen\",\"isPartOf\":{\"@id\":\"https:\/\/rpvhoogeveen.nl\/#website\"},\"datePublished\":\"2025-02-22T16:01:26+00:00\",\"dateModified\":\"2025-05-28T19:23:51+00:00\",\"breadcrumb\":{\"@id\":\"https:\/\/rpvhoogeveen.nl\/?page_id=149#breadcrumb\"},\"inLanguage\":\"en-US\",\"potentialAction\":[{\"@type\":\"ReadAction\",\"target\":[\"https:\/\/rpvhoogeveen.nl\/?page_id=149\"]}]},{\"@type\":\"BreadcrumbList\",\"@id\":\"https:\/\/rpvhoogeveen.nl\/?page_id=149#breadcrumb\",\"itemListElement\":[{\"@type\":\"ListItem\",\"position\":1,\"name\":\"Home\",\"item\":\"https:\/\/rpvhoogeveen.nl\/\"},{\"@type\":\"ListItem\",\"position\":2,\"name\":\"Co\u00f6rdinatoren\"}]},{\"@type\":\"WebSite\",\"@id\":\"https:\/\/rpvhoogeveen.nl\/#website\",\"url\":\"https:\/\/rpvhoogeveen.nl\/\",\"name\":\"Reumapati\u00ebntenvereniging Hoogeveen\",\"description\":\"&amp; Pesse, Stuifzand en Fluitenberg\",\"potentialAction\":[{\"@type\":\"SearchAction\",\"target\":{\"@type\":\"EntryPoint\",\"urlTemplate\":\"https:\/\/rpvhoogeveen.nl\/?s={search_term_string}\"},\"query-input\":{\"@type\":\"PropertyValueSpecification\",\"valueRequired\":true,\"valueName\":\"search_term_string\"}}],\"inLanguage\":\"en-US\"}]}<\/script>\n<!-- \/ Yoast SEO plugin. -->","yoast_head_json":{"title":"Co\u00f6rdinatoren - Reumapati\u00ebntenvereniging Hoogeveen","robots":{"index":"index","follow":"follow","max-snippet":"max-snippet:-1","max-image-preview":"max-image-preview:large","max-video-preview":"max-video-preview:-1"},"canonical":"https:\/\/rpvhoogeveen.nl\/?page_id=149","og_locale":"en_US","og_type":"article","og_title":"Co\u00f6rdinatoren - Reumapati\u00ebntenvereniging Hoogeveen","og_description":"Susan Gons en Gea Lindenhols zijn de co\u00f6rdinatoren van de 80-jarigen. Tel: 06-20457934 resp. 06-53185250 [&hellip;]","og_url":"https:\/\/rpvhoogeveen.nl\/?page_id=149","og_site_name":"Reumapati\u00ebntenvereniging Hoogeveen","article_modified_time":"2025-05-28T19:23:51+00:00","twitter_card":"summary_large_image","twitter_misc":{"Est. reading time":"1 minute"},"schema":{"@context":"https:\/\/schema.org","@graph":[{"@type":"WebPage","@id":"https:\/\/rpvhoogeveen.nl\/?page_id=149","url":"https:\/\/rpvhoogeveen.nl\/?page_id=149","name":"Co\u00f6rdinatoren - Reumapati\u00ebntenvereniging Hoogeveen","isPartOf":{"@id":"https:\/\/rpvhoogeveen.nl\/#website"},"datePublished":"2025-02-22T16:01:26+00:00","dateModified":"2025-05-28T19:23:51+00:00","breadcrumb":{"@id":"https:\/\/rpvhoogeveen.nl\/?page_id=149#breadcrumb"},"inLanguage":"en-US","potentialAction":[{"@type":"ReadAction","target":["https:\/\/rpvhoogeveen.nl\/?page_id=149"]}]},{"@type":"BreadcrumbList","@id":"https:\/\/rpvhoogeveen.nl\/?page_id=149#breadcrumb","itemListElement":[{"@type":"ListItem","position":1,"name":"Home","item":"https:\/\/rpvhoogeveen.nl\/"},{"@type":"ListItem","position":2,"name":"Co\u00f6rdinatoren"}]},{"@type":"WebSite","@id":"https:\/\/rpvhoogeveen.nl\/#website","url":"https:\/\/rpvhoogeveen.nl\/","name":"Reumapati\u00ebntenvereniging Hoogeveen","description":"&amp; Pesse, Stuifzand en Fluitenberg","potentialAction":[{"@type":"SearchAction","target":{"@type":"EntryPoint","urlTemplate":"https:\/\/rpvhoogeveen.nl\/?s={search_term_string}"},"query-input":{"@type":"PropertyValueSpecification","valueRequired":true,"valueName":"search_term_string"}}],"inLanguage":"en-US"}]}},"jetpack_sharing_enabled":true,"_links":{"self":[{"href":"https:\/\/rpvhoogeveen.nl\/index.php?rest_route=\/wp\/v2\/pages\/149","targetHints":{"allow":["GET"]}}],"collection":[{"href":"https:\/\/rpvhoogeveen.nl\/index.php?rest_route=\/wp\/v2\/pages"}],"about":[{"href":"https:\/\/rpvhoogeveen.nl\/index.php?rest_route=\/wp\/v2\/types\/page"}],"author":[{"embeddable":true,"href":"https:\/\/rpvhoogeveen.nl\/index.php?rest_route=\/wp\/v2\/users\/1"}],"replies":[{"embeddable":true,"href":"https:\/\/rpvhoogeveen.nl\/index.php?rest_route=%2Fwp%2Fv2%2Fcomments&post=149"}],"version-history":[{"count":6,"href":"https:\/\/rpvhoogeveen.nl\/index.php?rest_route=\/wp\/v2\/pages\/149\/revisions"}],"predecessor-version":[{"id":225,"href":"https:\/\/rpvhoogeveen.nl\/index.php?rest_route=\/wp\/v2\/pages\/149\/revisions\/225"}],"wp:attachment":[{"href":"https:\/\/rpvhoogeveen.nl\/index.php?rest_route=%2Fwp%2Fv2%2Fmedia&parent=149"}],"curies":[{"name":"wp","href":"https:\/\/api.w.org\/{rel}","templated":true}]}}